{"id":164,"date":"2014-02-08T07:52:46","date_gmt":"2014-02-08T07:52:46","guid":{"rendered":"http:\/\/www.moodlewroc.type.pl\/antek-antenka\/?page_id=2"},"modified":"2023-02-02T12:32:02","modified_gmt":"2023-02-02T10:32:02","slug":"1proc","status":"publish","type":"page","link":"https:\/\/antek-antenka.pl\/","title":{"rendered":"Podaruj sw\u00f3j 1%"},"content":{"rendered":"<div>\n<div>\n<div>\n<h4 style=\"text-align: center;\"><strong>Podaruj sw\u00f3j 1,5% Antosiowi Tomaszewskiemu<\/strong><\/h4>\n<p style=\"text-align: center;\">Fundacja Rozwoju Ochrony Zdrowia<\/p>\n<p style=\"text-align: center;\">Bank Pekao SA I Oddzia\u0142 Wroc\u0142aw<\/p>\n<p style=\"text-align: center;\">Nr konta: 45 1240 1994 1111 0000 2495 6839<\/p>\n<p style=\"text-align: center;\">NR KRS 0000050135<\/p>\n<p style=\"text-align: center;\"><strong>Koniecznie z dopiskiem: Darowizna na cele ochrony zdrowia &#8222;Antenka&#8221;<\/strong><\/p>\n<p style=\"text-align: center;\"><strong>Dzi\u0119kujemy za pomoc!<\/strong><\/p>\n<\/div>\n<\/div>\n<\/div>\n","protected":false},"excerpt":{"rendered":"<p>Podaruj sw\u00f3j 1,5% Antosiowi Tomaszewskiemu Fundacja Rozwoju Ochrony Zdrowia Bank Pekao SA I Oddzia\u0142 Wroc\u0142aw Nr konta: 45 1240 1994 1111 0000 2495 6839 NR KRS 0000050135 Koniecznie z dopiskiem: Darowizna na cele ochrony zdrowia &#8222;Antenka&#8221; Dzi\u0119kujemy za pomoc!<\/p>\n","protected":false},"author":2,"featured_media":0,"parent":0,"menu_order":0,"comment_status":"open","ping_status":"open","template":"","meta":{"spay_email":""},"jetpack_sharing_enabled":true,"jetpack_shortlink":"https:\/\/wp.me\/Pd1nPZ-2E","_links":{"self":[{"href":"https:\/\/antek-antenka.pl\/index.php?rest_route=\/wp\/v2\/pages\/164"}],"collection":[{"href":"https:\/\/antek-antenka.pl\/index.php?rest_route=\/wp\/v2\/pages"}],"about":[{"href":"https:\/\/antek-antenka.pl\/index.php?rest_route=\/wp\/v2\/types\/page"}],"author":[{"embeddable":true,"href":"https:\/\/antek-antenka.pl\/index.php?rest_route=\/wp\/v2\/users\/2"}],"replies":[{"embeddable":true,"href":"https:\/\/antek-antenka.pl\/index.php?rest_route=%2Fwp%2Fv2%2Fcomments&post=164"}],"version-history":[{"count":1,"href":"https:\/\/antek-antenka.pl\/index.php?rest_route=\/wp\/v2\/pages\/164\/revisions"}],"predecessor-version":[{"id":224,"href":"https:\/\/antek-antenka.pl\/index.php?rest_route=\/wp\/v2\/pages\/164\/revisions\/224"}],"wp:attachment":[{"href":"https:\/\/antek-antenka.pl\/index.php?rest_route=%2Fwp%2Fv2%2Fmedia&parent=164"}],"curies":[{"name":"wp","href":"https:\/\/api.w.org\/{rel}","templated":true}]}}